emainder when 71 is divided by r?
35
Suppose o - 2 = 11. Calculate the remainder when o is divided by (16/(-12))/((-2)/12).
5
Suppose -7*t + 4*t + 3 = 0. Suppose 0 = 3*m - i - 23 - 77, 2*m - 5*i = 45. What is the remainder when m is divided by 2 - (-14 + 3) - t?
11
Suppose c - 12 = -8. Suppose -2*v + 4*g - 5*g = -5, -3*g = c*v - 7. What is the remainder when 7 is divided by v?
3
Suppose v + v = 8. Suppose 0*s - 5*s = -v*j - 4, -4*j - 4 = -s. Suppose s = -2*q - 0*q + 22. What is the remainder when 32 is divided by q?
10
What is the remainder when (-282)/(-329) + -1*(-414)/7 is divided by 8?
4
Let w be 109/(-3) + 16/12. Let d = w + 126. What is the remainder when d is divided by 23?
22
Suppose -5*b - 165 = -t, 228 = 2*t - b - 138. Calculate the remainder when t is divided by 94.
91
Suppose -659*m = -679*m + 3900. Calculate the remainder when m is divided by 3.
0
Calculate the remainder when 107 is divided by 18 + (-4 - 1 - 2).
8
Suppose 0*j = 5*j - 35. Suppose u = -3*i + 19, -4*u + j = 2*i + 1. Calculate the remainder when 11 is divided by i.
4
Let b = -737 + 748. What is the remainder when 152 is divided by b?
9
Suppose -p + 13 = 4*k - 5, -4*k - 4*p = -12. Suppose -3*a + 14 + 3 = 5*w, -k*w + 3*a = -23. What is the remainder when 6 is divided by w?
2
Suppose 0 = -4*d + 3*h + 228, h + 165 = 5*d - 109. Calculate the remainder when 208 is divided by d.
46
Let m = 25 + -48. Let s(b) = -4*b - 24. What is the remainder when s(m) is divided by 23?
22
Suppose 0 = 2*o + 3*h - 207, 5*h - 522 = -5*o + 2*h. Calculate the remainder when o is divided by 12.
9
Let j = -32 + 36. Calculate the remainder when j is divided by (6/2)/(0/(-2) - -1).
1
Suppose 16 = -2304*b + 2308*b. Calculate the remainder when 9 is divided by b.
1
Let d be 147/(-14) + 1/2. Let g = d + 12. Suppose -g = -4*t + 18. Calculate the remainder when 17 is divided by t.
2
Let o be 2 + -1 + 2/(3 + -2). Suppose 7*h + z - 218 = 2*h, -141 = -o*h - 4*z. What is the remainder when h is divided by 23?
20
Suppose 2*b = -b + 2*t + 227, 3*t - 173 = -2*b. Calculate the remainder when 230 is divided by b.
72
Let y = 43 - 37. Suppose -4*f - 264 = -y*f + 2*z, 0 = -z + 1. What is the remainder when f is divided by 27?
25
Suppose -100 = 3*r - 178. What is the remainder when r is divided by 10?
6
Let n(o) = -o**3 - 10*o**2 + 24*o + 35. Let j = 7 + 5. Calculate the remainder when n(-12) is divided by j.
11
Let s(l) = -31*l - 5 + 2 - 24*l. Calculate the remainder when s(-1) is divided by 14.
10
Suppose -3*a + 0 = -9. Let i(n) = 2*n**3 - n**2 + n - 4. Let k be i(a). Let d = k - 12. Calculate the remainder when d is divided by 17.
15
Let h = 610 + -582. What is the remainder when 347 is divided by h?
11
Let s = -17 - -35. Calculate the remainder when 58 is divided by s.
4
Suppose 0*p + 3 = 3*p, -2*c - 2*p + 8 = 0. Suppose 2*f + 20 = c*k, -41 - 4 = -4*k - f. Calculate the remainder when 28 is divided by k.
8
Suppose -n = -3*n + 16. Let q(d) = 2*d - 9. Let f(y) = y. Let t(x) = 2*f(x) + q(x). Calculate the remainder when t(n) is divided by 13.
10
Suppose -111 = -5*x - 3*j, 5*x + j - 2*j = 123. What is the remainder when 223 is divided by x?
7
Suppose 7*a + 59 = 3*s + 3*a, 0 = 4*a + 8. Let p = s - 18. Let z = 3 - p. Calculate the remainder when z is divided by 2.
0
Let p(a) = 15*a - 6. Let c be 2/(-2 - -4 - 0). What is the remainder when p(c) is divided by 5?
4
Suppose -3*m = -3*j - 75, 3*m - 54 = 2*j + 17. Calculate the remainder when 40 is divided by m.
19
Suppose -3*v = -3*s + 105, -v + 169 = 2*s + 3*s. What is the remainder when s is divided by 10?
4
Let q = 9 - 0. Let j = 12 - q. Suppose j*c - 4*s - 118 = -36, 52 = 2*c - 2*s. What is the remainder when 43 is divided by c?
21
Let n be 9*1 + (-20)/5. Suppose -8*z + n*z + 90 = 0. Suppose -5*k + 3*v - 81 = -359, 244 = 4*k + 3*v. What is the remainder when k is divided by z?
28
Suppose h = -4*p + 67, -p + 63 = 2*p + 5*h. Let d(t) = -t + 38. Let i be d(22). Let c(b) = -b**2 + 20*b - 21. Calculate the remainder when c(i) is divided by p.
11
Suppose 4*o = 4*p + 136, -5*p + 136 = 4*o - 4*p. Suppose -12*t = 3*t - 1500. Calculate the remainder when t is divided by o.
32
Let y = -64 + 68. Suppose 4*j - 45 = -c + y*c, -4*j = -2*c - 46. Calculate the remainder when 83 is divided by j.
11
Let g = 101 + -50. Suppose 4*r - 42 = 54. Let f = -11 + r. Calculate the remainder when g is divided by f.
12
Suppose 9*m - 5*m - 96 = 0. Calculate the remainder when (m + -1)*((-1)/1)/(-1) is divided by 10.
3
Calculate the remainder when 302 is divided by 6 + (-160)/(-50)*10.
36
Suppose -3*x + x + 4*m = 62, 146 = -5*x + m. Let g = 55 + x. Suppose 0 = -q + 7 + 8. Calculate the remainder when g is divided by q.
11
Suppose 23*d = 21*d + 86. What is the remainder when 102 is divided by d?
16
Suppose -7*h + 139 = -925. Calculate the remainder when h is divided by 28.
12
Let g = 256 + -116. Let b = g - 89. Calculate the remainder when b is divided by 26.
25
Let c(i) = 27*i + 47. What is the remainder when 559 is divided by c(-1)?
19
Suppose 0 = -44*f + 51*f - 210. Suppose 0*x + 5*b = -2*x + 194, -2*b + 95 = x. What is the remainder when x is divided by f?
27
Let o = -233 - -274. Calculate the remainder when o is divided by 10.
1
Let r = -98 + 14. What is the remainder when (188/(-7))/(24/r) is divided by 32?
30
Let d = -42 - -54. Calculate the remainder when 201 is divided by d.
9
Let z(x) = -x**2 - 6*x + 1. Calculate the remainder when 69 is divided by z(-3).
9
Suppose 0 = -3*x - u + 4, 5*x + 2*u = 11 - 6. Suppose -x*i - i + 40 = 0. Calculate the remainder when 29 is divided by i.
9
Suppose 0 = 3*d - 82 + 4. Let r = -56 + 88. What is the remainder when 231/2*(r/12)/4 is divided by d?
25
Suppose -2*z + 12 = -0*o + 3*o, -3*z - 3*o + 15 = 0. Let k be (z/2)/(12/88). Suppose -28 = -k*r + 7*r. Calculate the remainder when 12 is divided by r.
5
Suppose 0 = -2*a - 8, -3*a = 5*f - 91 - 107. Calculate the remainder when f is divided by 22.
20
Suppose -1199 - 1069 = 6*j. Let z = -249 - j. Calculate the remainder when z is divided by 22.
19
Suppose -3*c = v + 8, v - c - c + 3 = 0. What is the remainder when 34 is divided by (-10)/v*1 + 18?
14
Let d(m) = 10*m**3 + m**2 - m + 1. Calculate the remainder when 98 is divided by d(1).
10
Suppose 0 = 2*o - 4 - 16. What is the remainder when 158 is divided by o?
8
Calculate the remainder when ((-8)/20)/(10/(-800)) is divided by 11.
10
Suppose -4*p + 2*p = -10. Suppose 5*u = 4*d + 6, -d = -5*u + 4*d + 5. What is the remainder when p is divided by u?
1
Suppose 3*v - 4*m - 82 = 0, 118 = 4*v - 4*m + 3*m. What is the remainder when 87 is divided by v?
27
Let w = 114 - 57. What is the remainder when 227 is divided by w?
56
Let z = 308 + -300. Suppose -2*s = -15 - 29. What is the remainder when s is divided by z?
6
Let c(g) = 30*g**2 - 2*g - 2. Let p be c(-1). Let q = p + -20. Suppose 0 = 9*o - 11*o + 58. Calculate the remainder when o is divided by q.
9
Suppose 54 = -5*d + 39. What is the remainder when d + -1 - (-24 + 9) is divided by 10?
1
Let h = -100 + 123. Let t(g) = -33*g + 1. Let q(c) = c + 2. Let a be q(-4). Calculate the remainder when t(a) is divided by h.
21
Let t be 2/((-2)/(-3))*1700/60. Let b = t + -79. Let d(g) = -2*g**3 - 4*g**2 + 2*g + 3. Calculate the remainder when d(-3) is divided by b.
3
Let y = 87 + -69. Calculate the remainder when 502 is divided by y.
16
Suppose -840 + 4 = -4*w. What is the remainder when w is divided by 36?
29
Let m = -390 + 593. Suppose -160 = -5*s + 4*a + m, 3*s - 3*a = 216. Calculate the remainder when s is divided by 13.
10
Suppose 4*b = 2*x + 222 + 48, 20 = -4*b. Let g = 83 + x. Calculate the remainder when 17 is divided by g/(-6) - (-5)/(-15).
7
Suppose -5*i + 6*i + 5*x - 38 = 0, -x - 268 = -5*i. What is the remainder when i is divided by 28?
25
Suppose 51*s - 632 = 43*s. Calculate the remainder when s is divided by 29.
21
Suppose 3*p = 5*d + 3, -3*d + 6 = -d. Suppose -30 = -m + p*m. What is the remainder when 37*(-2)/m*3 is divided by 19?
18
Let u(v) = 17*v - 10. Let t be u(2). Suppose 5*q + t = 214. What is the remainder when q is divided by 11?
5
Calculate the remainder when 414 is divided by (768/(-40) + -1)*-5.
10
Suppose 48*d = 55*d - 49. What is the remainder when 28 is divided by d?
0
Let k(u) = -2*u + 48. Calcula